ulate the remainder when 742 is divided by t(1).
22
Suppose -n = 4*x + 292, -2*x + 432 + 102 = -2*n. Let u = n - -278. What is the remainder when 55 is divided by u?
1
Let q = -2955 - -2969. Calculate the remainder when 2849 is divided by q.
7
Let w = 2564 - 2568. Let a(l) = -3 + 0*l - 1 - 3*l. What is the remainder when a(w) is divided by 5?
3
Let r = -24912 + 33733. Calculate the remainder when r is divided by 51.
49
Let f = 819 - 294. Let s = -371 + f. What is the remainder when s is divided by 26?
24
Let v = -3567 - -3596. Calculate the remainder when v is divided by 15.
14
Suppose 8*w - 57*w = -36015. Calculate the remainder when w is divided by 123.
120
Suppose -4*q - 2 = -22. Suppose -q*t + 0 = 3*b - 47, 0 = 5*b - 20. Calculate the remainder when (58/8 + -1)*4 is divided by t.
4
Suppose 4*w = 0, -76 - 1109 = 5*s + 4*w. Let b = -169 - s. Calculate the remainder when b is divided by 35.
33
Suppose -92*i + 28*i + 104536 = 115*i. What is the remainder when i is divided by 47?
20
Let z be (-2 + 14)*((-2)/4 + 1). Let b(k) = -4 - k**3 + 2*k**3 - z*k**2 - 2*k**3 + 5*k. Calculate the remainder when b(-8) is divided by 29.
26
Let q = -5 + 49. What is the remainder when (830/40)/(90/720) is divided by q?
34
Let d(f) = f**3 + 8*f**2 - 398*f - 109. What is the remainder when 750 is divided by d(-24)?
69
Let c(i) = 21*i**2 + 2*i - 1. Let g(s) = s + 4. Let d be g(-3). What is the remainder when c(d) is divided by 42/10 - 52/260?
2
Let o be ((-4)/(-12))/((-7)/126). Calculate the remainder when 163 - ((-16)/o + 24/(-36)) is divided by 41.
38
Let c be ((-462)/(-3))/2 - 0. Suppose 0 = -2*f + 4*r - 76, 66 = -f + 2*r - 7*r. Let s = f + c. What is the remainder when 154 is divided by s?
30
Let h be -3 + 0 - ((7 - 6) + 0). Calculate the remainder when 334 is divided by (h - 0) + 120/6.
14
Suppose 376 = 2*u - 90. Let d = u + -210. Calculate the remainder when d is divided by 6.
5
Let p(v) = -5*v + 110. Let b be p(22). Suppose 3*t = 5*o + 4*t - 919, b = -2*o + 5*t + 373. What is the remainder when o is divided by 31?
29
Suppose 3*i - 6*i = 5*a - 36, 5*i - 60 = -3*a. Suppose t = 2 + i. Calculate the remainder when t is divided by (3 - 1 - -7) + 0.
5
Suppose 235*z = -216*z + 105985. What is the remainder when 1408 is divided by z?
233
Let z = -884 + 908. What is the remainder when (-9)/24 + 681*1/z is divided by (-1 + (-13)/3)*-3?
12
Let f = 18581 - 18016. Calculate the remainder when f is divided by 204.
157
Suppose -2*b = 2*k - 2, 3*b - 3 = -2*k + 3. What is the remainder when 99 is divided by 5/(-8 - k)*(-6 + 0)?
3
Let j = -37 - -47. Suppose 7*z - j*z - 3 = 0. Calculate the remainder when -2 + 5 + 18*(-3)/z is divided by 21.
15
Let v = -7853 - -8985. What is the remainder when v is divided by 1129?
3
Let c(d) = 27*d + 528. What is the remainder when c(-12) is divided by 4?
0
Suppose 0 = -43*f - 8*f + 1173. Let l(c) = c - 5. Let i be l(5). Suppose 0 = -4*z - i*z + 32. Calculate the remainder when f is divided by z.
7
Let l = 19 - 106. Let c = 219 + l. What is the remainder when c is divided by 19?
18
Suppose 6 = n - x - 0, -4*x - 9 = -n. What is the remainder when 5 is divided by ((-6)/(-9))/(n + 116/(-24))?
1
Suppose -96 = -5*k + 2*t + 70, -3*k + 110 = 4*t. What is the remainder when k is divided by 31?
3
Suppose 3*y - 2*p = -1, -p = -3*y - 0*p + 4. What is the remainder when (3/(-9))/(y/(-198)) is divided by 2?
0
Let z = -622 + 763. Suppose 14*i + 13*i - 1944 = 0. What is the remainder when z is divided by i?
69
Let i(w) = w**3 - 119*w**2 + 255*w - 546. Calculate the remainder when i(117) is divided by 177.
141
What is the remainder when 156000/455 - (-6)/4*(-2)/(-21) is divided by 128?
87
Let l = -39 + 41. Suppose -5*n - 10 = 0, l*n - 14 = -5*w - n. What is the remainder when 54 is divided by -19*(-3 - w/(-2))?
16
Let n be 6/(-14) - (-3216)/(-42). Let d = n - -118. Calculate the remainder when d is divided by 17.
7
Suppose 8*j - 41*j + 2772 = 0. What is the remainder when 163 is divided by j?
79
Let c be (4 + -1)/(342/3990). Suppose -4*g + 101 = -c. What is the remainder when g is divided by 6?
4
Calculate the remainder when 829 is divided by (-42)/6 + (-56)/(-8) + 83.
82
Suppose 40 = -357*o + 352*o. What is the remainder when 324 is divided by 5/(o*(-5)/520)?
64
Let j = 9443 - 8821. Calculate the remainder when j is divided by 5.
2
Let r = 10872 - 9676. What is the remainder when r is divided by 234?
26
Let w(u) = 2*u**2 - 24*u + 1. Let j be w(12). Calculate the remainder when 198 is divided by -2 + 2 - j - (-20 + -21).
38
Let d be 93/12 + 1/4 + 2. Let v(i) = 3*i**2 - 24*i - 9. Calculate the remainder when (33/2)/(7 + 328/(-48)) is divided by v(d).
48
Let f(l) = -56*l + 125. What is the remainder when 361 is divided by f(0)?
111
Let n be -22*(-5)/(-8) + 29/(-116). Let t = n + 55. Calculate the remainder when t is divided by 13.
2
Suppose -22*s - 7776 = 10*s. Let x = s - -300. What is the remainder when x is divided by 3?
0
Let c(v) = -7*v**2 - 10*v + 38. Let h(m) = 8*m**2 + 10*m - 39. Let d(z) = -7*c(z) - 6*h(z). Calculate the remainder when 43 is divided by d(-14).
19
Let h(i) = -i**3 - 3*i**2 + 811*i + 4032. Let l = -35 - -55. Calculate the remainder when h(-5) is divided by l.
7
Let r(t) = -121*t**3 - t**2 + 2*t - 1. Let f be r(1). Let o = -112 - f. Let v = 20 + 12. Calculate the remainder when v is divided by o.
5
Suppose -5*q - a - 30 = 0, -7*q + 15 = -11*q + a. What is the remainder when 15*q/10*-2 is divided by 4?
3
Let k(n) = -38*n - 319. What is the remainder when 436 is divided by k(-10)?
9
Let n(q) = 3*q**2 + 6*q - 2. Let v be (56/(-42))/((-3)/(-9)). Calculate the remainder when 32 is divided by n(v).
10
Let x be 1000 + 0 + -6 - -7. Suppose 87*u - 10*u = x. Let v = 29 - -27. What is the remainder when v is divided by u?
4
Let y = -6559 - -6712. Calculate the remainder when y is divided by 149.
4
Let p = 121 + -112. Let c(q) = -3*q - 12. Suppose -3*m - 3*k - 12 + 3 = 0, -2*m + 3*k - 16 = 0. What is the remainder when p is divided by c(m)?
0
Let i be ((-2)/16 - 154/112)*2. Let t(q) = -q**3 + 5*q**2 + 18*q - 14. What is the remainder when 36 is divided by t(i)?
0
Let q(j) = -j**3 + 5*j**2 - 6*j + 4. Let p be q(4). Calculate the remainder when 99 is divided by (-96)/6*9/p.
27
Let m(s) = s**3 + 29*s**2 + 124*s - 149. What is the remainder when m(-21) is divided by 61?
43
Suppose -3*b - 398 = -404. Suppose 21 - 62 = -m - 5*u, -b*m = -3*u - 95. Calculate the remainder when m is divided by (1 - 2)*(-51)/3.
12
Let n(p) = -2*p**3 - 9*p**2 + p - 13. What is the remainder when 874 is divided by n(-6)?
73
Suppose -51507 = -5*k - 32*k + 9913. What is the remainder when k is divided by 1?
0
Suppose -25*n + 29*n - 356 = -4*a, 2*n - 2*a = 166. Suppose s - 84 + 66 = 0. What is the remainder when n is divided by s?
14
Suppose 5*k - 10*k = -260. Calculate the remainder when 255 is divided by 1/4 + 3367/k.
60
Let j be 998/5 + 2/5. Suppose a = -4*a + j. Calculate the remainder when (49 - (-90688)/(-1853))*3383 is divided by a.
39
Suppose 2*r = -5*s + 171, 4*r = -42*s + 43*s - 43. Calculate the remainder when 2649 is divided by s.
24
Suppose 24*s - 5*s = -14877. Let p = 792 + s. What is the remainder when 2/(-5) - 77/(-5) is divided by p?
6
Let n(z) = -3*z**3 + 2*z**2 + 14*z + 10. What is the remainder when n(-4) is divided by 56?
10
Suppose 0 = -30*p + 3*p + 162. Suppose 3*q = 72 + p. Calculate the remainder when 152 is divided by q.
22
Suppose 2*l = 2*u + 470, -7*l + 4*l + 769 = 5*u. Calculate the remainder when 998 is divided by l.
26
Let a(r) = -185*r + 105. Let u be a(-15). Calculate the remainder when (1 - 0)/(40/u) is divided by 21.
9
Suppose -u = -0*u - 16. Suppose -j - 5*i = 14, -2*j + 5*i + u = -1. What is the remainder when (36/(-8))/(j/(-10)) is divided by 12?
9
Suppose 4*c + 3*n - 16710 = 0, -3*c + 148*n = 150*n - 12533. What is the remainder when c is divided by 47?
43
Suppose -22*m + 20*m = -10. Suppose 5*k = 4*r + 275, 7*k + m*r = 2*k + 230. What is the remainder when 148 is divided by k?
46
Suppose 89*d - 402 = 88*d + 5*n, 5*d = n + 2106. Calculate the remainder when d is divided by 47.
46
Suppose -42 = -d + 34. Let n(z) = 12*z + 25. Let u be n(-8). Let v = u + d. What is the remainder when 9 is divided by v?
4
What is the remainder when 19199 is 